{"id":2903,"date":"2025-04-27T08:13:17","date_gmt":"2025-04-27T06:13:17","guid":{"rendered":"https:\/\/www.terredesames.fr\/?post_type=product&#038;p=2903"},"modified":"2025-05-12T08:04:55","modified_gmt":"2025-05-12T06:04:55","slug":"le-temps-du-reve","status":"publish","type":"product","link":"https:\/\/www.terredesames.fr\/index.php\/produit\/le-temps-du-reve\/","title":{"rendered":"Le Temps du R\u00eave"},"content":{"rendered":"<p><i>Tout est plein d&rsquo;\u00e2mes, notamment dans les cultures animistes aborig\u00e8nes, o\u00f9 l\u2019\u00e8re du \u201cTemps du R\u00eave\u201dremonte aux origines de la vie. Les r\u00eaves des anc\u00eatres d\u00e9terminent les relations entre les diff\u00e9rents \u00eatres vivants et naturels, dans le respect et la recherche d\u2019harmonie.<\/i><\/p>\n","protected":false},"excerpt":{"rendered":"<ul>\n<li aria-level=\"1\"><b>Climat<\/b> : m\u00e9diterrann\u00e9en, fra\u00eecheur et amplitude thermique apport\u00e9e par les contreforts du plateau du Larzac<\/li>\n<li aria-level=\"1\"><b>Terroir<\/b> : Gr\u00e8s profonds, en bord de rivi\u00e8re et ruffes (Terres rouges d\u2019oxyde de fer)<\/li>\n<li aria-level=\"1\"><b>C\u00e9pages<\/b> : Syrah, Grenache, Mourv\u00e8dre<\/li>\n<li aria-level=\"1\"><b>Vendanges<\/b> <strong>manuelles<\/strong><\/li>\n<li aria-level=\"1\">Vignes non irrigu\u00e9es, travaill\u00e9es sans produits chimiques<\/li>\n<li aria-level=\"1\">Taille, \u00e9bourgeonnage et vendanges manuels, vignoble en conversion agriculture biologique<\/li>\n<li aria-level=\"1\">Vinification artisanale<\/li>\n<li aria-level=\"1\">AOP Terrasses du Larzac<\/li>\n<\/ul>\n<p><strong>Mill\u00e9sime 2023 disponible<\/strong><\/p>\n<h5><strong>Livraison gratuite \u00e0 partir de 150\u20ac<\/strong><\/h5>\n<p>&nbsp;<\/p>\n<p>&nbsp;<\/p>\n","protected":false},"featured_media":2930,"template":"","meta":{"_uag_custom_page_level_css":"","site-sidebar-layout":"no-sidebar","site-content-layout":"boxed-container","ast-site-content-layout":"normal-width-container","site-content-style":"boxed","site-sidebar-style":"boxed","ast-global-header-display":"","ast-banner-title-visibility":"","ast-main-header-display":"","ast-hfb-above-header-display":"","ast-hfb-below-header-display":"","ast-hfb-mobile-header-display":"","site-post-title":"","ast-breadcrumbs-content":"","ast-featured-img":"","footer-sml-layout":"","theme-transparent-header-meta":"default","adv-header-id-meta":"","stick-header-meta":"","header-above-stick-meta":"","header-main-stick-meta":"","header-below-stick-meta":"","astra-migrate-meta-layouts":"set"},"product_cat":[41],"product_tag":[],"class_list":{"0":"post-2903","1":"product","2":"type-product","3":"status-publish","4":"has-post-thumbnail","6":"product_cat-vin-rouge","7":"desktop-align-left","8":"tablet-align-left","9":"mobile-align-left","10":"ast-product-gallery-layout-first-image-large","11":"ast-product-tabs-layout-horizontal","13":"first","14":"instock","15":"featured","16":"taxable","17":"shipping-taxable","18":"purchasable","19":"product-type-simple"},"yoast_head":"<!-- This site is optimized with the Yoast SEO plugin v23.2 - https:\/\/yoast.com\/wordpress\/plugins\/seo\/ -->\n<title>Le Temps du R\u00eave - Terre des \u00c2mes<\/title>\n<meta name=\"robots\" content=\"index, follow, max-snippet:-1, max-image-preview:large, max-video-preview:-1\" \/>\n<link rel=\"canonical\" href=\"https:\/\/www.terredesames.fr\/index.php\/produit\/le-temps-du-reve\/\" \/>\n<meta property=\"og:locale\" content=\"fr_FR\" \/>\n<meta property=\"og:type\" content=\"article\" \/>\n<meta property=\"og:title\" content=\"Le Temps du R\u00eave - Terre des \u00c2mes\" \/>\n<meta property=\"og:description\" content=\"Climat : m\u00e9diterrann\u00e9en, fra\u00eecheur et amplitude thermique apport\u00e9e par les contreforts du plateau du Larzac  Terroir : Gr\u00e8s profonds, en bord de rivi\u00e8re et ruffes (Terres rouges d\u2019oxyde de fer)  C\u00e9pages : Syrah, Grenache, Mourv\u00e8dre  Vendanges manuelles  Vignes non irrigu\u00e9es, travaill\u00e9es sans produits chimiques  Taille, \u00e9bourgeonnage et vendanges manuels, vignoble en conversion agriculture biologique  Vinification artisanale  AOP Terrasses du Larzac  Mill\u00e9sime 2023 disponible Livraison gratuite \u00e0 partir de 150\u20ac &nbsp;  &nbsp;\" \/>\n<meta property=\"og:url\" content=\"https:\/\/www.terredesames.fr\/index.php\/produit\/le-temps-du-reve\/\" \/>\n<meta property=\"og:site_name\" content=\"Terre des \u00c2mes\" \/>\n<meta property=\"article:publisher\" content=\"https:\/\/www.facebook.com\/profile.php?id=61552180591356\" \/>\n<meta property=\"article:modified_time\" content=\"2025-05-12T06:04:55+00:00\" \/>\n<meta property=\"og:image\" content=\"https:\/\/www.terredesames.fr\/wp-content\/uploads\/2025\/04\/Transparent-PNG.png\" \/>\n\t<meta property=\"og:image:width\" content=\"375\" \/>\n\t<meta property=\"og:image:height\" content=\"1000\" \/>\n\t<meta property=\"og:image:type\" content=\"image\/png\" \/>\n<meta name=\"twitter:card\" content=\"summary_large_image\" \/>\n<meta name=\"twitter:label1\" content=\"Dur\u00e9e de lecture estim\u00e9e\" \/>\n\t<meta name=\"twitter:data1\" content=\"1 minute\" \/>\n<script type=\"application\/ld+json\" class=\"yoast-schema-graph\">{\"@context\":\"https:\/\/schema.org\",\"@graph\":[{\"@type\":\"WebPage\",\"@id\":\"https:\/\/www.terredesames.fr\/index.php\/produit\/le-temps-du-reve\/\",\"url\":\"https:\/\/www.terredesames.fr\/index.php\/produit\/le-temps-du-reve\/\",\"name\":\"Le Temps du R\u00eave - Terre des \u00c2mes\",\"isPartOf\":{\"@id\":\"https:\/\/www.terredesames.fr\/#website\"},\"primaryImageOfPage\":{\"@id\":\"https:\/\/www.terredesames.fr\/index.php\/produit\/le-temps-du-reve\/#primaryimage\"},\"image\":{\"@id\":\"https:\/\/www.terredesames.fr\/index.php\/produit\/le-temps-du-reve\/#primaryimage\"},\"thumbnailUrl\":\"https:\/\/www.terredesames.fr\/wp-content\/uploads\/2025\/04\/Transparent-PNG.png\",\"datePublished\":\"2025-04-27T06:13:17+00:00\",\"dateModified\":\"2025-05-12T06:04:55+00:00\",\"breadcrumb\":{\"@id\":\"https:\/\/www.terredesames.fr\/index.php\/produit\/le-temps-du-reve\/#breadcrumb\"},\"inLanguage\":\"fr-FR\",\"potentialAction\":[{\"@type\":\"ReadAction\",\"target\":[\"https:\/\/www.terredesames.fr\/index.php\/produit\/le-temps-du-reve\/\"]}]},{\"@type\":\"ImageObject\",\"inLanguage\":\"fr-FR\",\"@id\":\"https:\/\/www.terredesames.fr\/index.php\/produit\/le-temps-du-reve\/#primaryimage\",\"url\":\"https:\/\/www.terredesames.fr\/wp-content\/uploads\/2025\/04\/Transparent-PNG.png\",\"contentUrl\":\"https:\/\/www.terredesames.fr\/wp-content\/uploads\/2025\/04\/Transparent-PNG.png\",\"width\":375,\"height\":1000},{\"@type\":\"BreadcrumbList\",\"@id\":\"https:\/\/www.terredesames.fr\/index.php\/produit\/le-temps-du-reve\/#breadcrumb\",\"itemListElement\":[{\"@type\":\"ListItem\",\"position\":1,\"name\":\"Accueil\",\"item\":\"https:\/\/www.terredesames.fr\/\"},{\"@type\":\"ListItem\",\"position\":2,\"name\":\"Shop\",\"item\":\"https:\/\/www.terredesames.fr\/index.php\/shop\/\"},{\"@type\":\"ListItem\",\"position\":3,\"name\":\"Le Temps du R\u00eave\"}]},{\"@type\":\"WebSite\",\"@id\":\"https:\/\/www.terredesames.fr\/#website\",\"url\":\"https:\/\/www.terredesames.fr\/\",\"name\":\"Terre des \u00c2mes\",\"description\":\"Grands Vins en AOP Terrasses du Larzac\",\"publisher\":{\"@id\":\"https:\/\/www.terredesames.fr\/#organization\"},\"potentialAction\":[{\"@type\":\"SearchAction\",\"target\":{\"@type\":\"EntryPoint\",\"urlTemplate\":\"https:\/\/www.terredesames.fr\/?s={search_term_string}\"},\"query-input\":\"required name=search_term_string\"}],\"inLanguage\":\"fr-FR\"},{\"@type\":\"Organization\",\"@id\":\"https:\/\/www.terredesames.fr\/#organization\",\"name\":\"Terre des \u00c2mes\",\"alternateName\":\"Grands Vins en Terrasses du Larzac\",\"url\":\"https:\/\/www.terredesames.fr\/\",\"logo\":{\"@type\":\"ImageObject\",\"inLanguage\":\"fr-FR\",\"@id\":\"https:\/\/www.terredesames.fr\/#\/schema\/logo\/image\/\",\"url\":\"https:\/\/www.terredesames.fr\/wp-content\/uploads\/2024\/02\/cropped-Transparent-Logo-2.png\",\"contentUrl\":\"https:\/\/www.terredesames.fr\/wp-content\/uploads\/2024\/02\/cropped-Transparent-Logo-2.png\",\"width\":1664,\"height\":299,\"caption\":\"Terre des \u00c2mes\"},\"image\":{\"@id\":\"https:\/\/www.terredesames.fr\/#\/schema\/logo\/image\/\"},\"sameAs\":[\"https:\/\/www.facebook.com\/profile.php?id=61552180591356\"]}]}<\/script>\n<!-- \/ Yoast SEO plugin. -->","yoast_head_json":{"title":"Le Temps du R\u00eave - Terre des \u00c2mes","robots":{"index":"index","follow":"follow","max-snippet":"max-snippet:-1","max-image-preview":"max-image-preview:large","max-video-preview":"max-video-preview:-1"},"canonical":"https:\/\/www.terredesames.fr\/index.php\/produit\/le-temps-du-reve\/","og_locale":"fr_FR","og_type":"article","og_title":"Le Temps du R\u00eave - Terre des \u00c2mes","og_description":"Climat : m\u00e9diterrann\u00e9en, fra\u00eecheur et amplitude thermique apport\u00e9e par les contreforts du plateau du Larzac  Terroir : Gr\u00e8s profonds, en bord de rivi\u00e8re et ruffes (Terres rouges d\u2019oxyde de fer)  C\u00e9pages : Syrah, Grenache, Mourv\u00e8dre  Vendanges manuelles  Vignes non irrigu\u00e9es, travaill\u00e9es sans produits chimiques  Taille, \u00e9bourgeonnage et vendanges manuels, vignoble en conversion agriculture biologique  Vinification artisanale  AOP Terrasses du Larzac  Mill\u00e9sime 2023 disponible Livraison gratuite \u00e0 partir de 150\u20ac &nbsp;  &nbsp;","og_url":"https:\/\/www.terredesames.fr\/index.php\/produit\/le-temps-du-reve\/","og_site_name":"Terre des \u00c2mes","article_publisher":"https:\/\/www.facebook.com\/profile.php?id=61552180591356","article_modified_time":"2025-05-12T06:04:55+00:00","og_image":[{"width":375,"height":1000,"url":"https:\/\/www.terredesames.fr\/wp-content\/uploads\/2025\/04\/Transparent-PNG.png","type":"image\/png"}],"twitter_card":"summary_large_image","twitter_misc":{"Dur\u00e9e de lecture estim\u00e9e":"1 minute"},"schema":{"@context":"https:\/\/schema.org","@graph":[{"@type":"WebPage","@id":"https:\/\/www.terredesames.fr\/index.php\/produit\/le-temps-du-reve\/","url":"https:\/\/www.terredesames.fr\/index.php\/produit\/le-temps-du-reve\/","name":"Le Temps du R\u00eave - Terre des \u00c2mes","isPartOf":{"@id":"https:\/\/www.terredesames.fr\/#website"},"primaryImageOfPage":{"@id":"https:\/\/www.terredesames.fr\/index.php\/produit\/le-temps-du-reve\/#primaryimage"},"image":{"@id":"https:\/\/www.terredesames.fr\/index.php\/produit\/le-temps-du-reve\/#primaryimage"},"thumbnailUrl":"https:\/\/www.terredesames.fr\/wp-content\/uploads\/2025\/04\/Transparent-PNG.png","datePublished":"2025-04-27T06:13:17+00:00","dateModified":"2025-05-12T06:04:55+00:00","breadcrumb":{"@id":"https:\/\/www.terredesames.fr\/index.php\/produit\/le-temps-du-reve\/#breadcrumb"},"inLanguage":"fr-FR","potentialAction":[{"@type":"ReadAction","target":["https:\/\/www.terredesames.fr\/index.php\/produit\/le-temps-du-reve\/"]}]},{"@type":"ImageObject","inLanguage":"fr-FR","@id":"https:\/\/www.terredesames.fr\/index.php\/produit\/le-temps-du-reve\/#primaryimage","url":"https:\/\/www.terredesames.fr\/wp-content\/uploads\/2025\/04\/Transparent-PNG.png","contentUrl":"https:\/\/www.terredesames.fr\/wp-content\/uploads\/2025\/04\/Transparent-PNG.png","width":375,"height":1000},{"@type":"BreadcrumbList","@id":"https:\/\/www.terredesames.fr\/index.php\/produit\/le-temps-du-reve\/#breadcrumb","itemListElement":[{"@type":"ListItem","position":1,"name":"Accueil","item":"https:\/\/www.terredesames.fr\/"},{"@type":"ListItem","position":2,"name":"Shop","item":"https:\/\/www.terredesames.fr\/index.php\/shop\/"},{"@type":"ListItem","position":3,"name":"Le Temps du R\u00eave"}]},{"@type":"WebSite","@id":"https:\/\/www.terredesames.fr\/#website","url":"https:\/\/www.terredesames.fr\/","name":"Terre des \u00c2mes","description":"Grands Vins en AOP Terrasses du Larzac","publisher":{"@id":"https:\/\/www.terredesames.fr\/#organization"},"potentialAction":[{"@type":"SearchAction","target":{"@type":"EntryPoint","urlTemplate":"https:\/\/www.terredesames.fr\/?s={search_term_string}"},"query-input":"required name=search_term_string"}],"inLanguage":"fr-FR"},{"@type":"Organization","@id":"https:\/\/www.terredesames.fr\/#organization","name":"Terre des \u00c2mes","alternateName":"Grands Vins en Terrasses du Larzac","url":"https:\/\/www.terredesames.fr\/","logo":{"@type":"ImageObject","inLanguage":"fr-FR","@id":"https:\/\/www.terredesames.fr\/#\/schema\/logo\/image\/","url":"https:\/\/www.terredesames.fr\/wp-content\/uploads\/2024\/02\/cropped-Transparent-Logo-2.png","contentUrl":"https:\/\/www.terredesames.fr\/wp-content\/uploads\/2024\/02\/cropped-Transparent-Logo-2.png","width":1664,"height":299,"caption":"Terre des \u00c2mes"},"image":{"@id":"https:\/\/www.terredesames.fr\/#\/schema\/logo\/image\/"},"sameAs":["https:\/\/www.facebook.com\/profile.php?id=61552180591356"]}]}},"uagb_featured_image_src":{"full":["https:\/\/www.terredesames.fr\/wp-content\/uploads\/2025\/04\/Transparent-PNG.png",375,1000,false],"thumbnail":["https:\/\/www.terredesames.fr\/wp-content\/uploads\/2025\/04\/Transparent-PNG-150x150.png",150,150,true],"medium":["https:\/\/www.terredesames.fr\/wp-content\/uploads\/2025\/04\/Transparent-PNG-113x300.png",113,300,true],"medium_large":["https:\/\/www.terredesames.fr\/wp-content\/uploads\/2025\/04\/Transparent-PNG.png",375,1000,false],"large":["https:\/\/www.terredesames.fr\/wp-content\/uploads\/2025\/04\/Transparent-PNG.png",375,1000,false],"1536x1536":["https:\/\/www.terredesames.fr\/wp-content\/uploads\/2025\/04\/Transparent-PNG.png",375,1000,false],"2048x2048":["https:\/\/www.terredesames.fr\/wp-content\/uploads\/2025\/04\/Transparent-PNG.png",375,1000,false],"woocommerce_thumbnail":["https:\/\/www.terredesames.fr\/wp-content\/uploads\/2025\/04\/Transparent-PNG-200x533.png",200,533,true],"woocommerce_single":["https:\/\/www.terredesames.fr\/wp-content\/uploads\/2025\/04\/Transparent-PNG-200x533.png",200,533,true],"woocommerce_gallery_thumbnail":["https:\/\/www.terredesames.fr\/wp-content\/uploads\/2025\/04\/Transparent-PNG-100x100.png",100,100,true]},"uagb_author_info":{"display_name":"admin1716","author_link":"https:\/\/www.terredesames.fr\/index.php\/author\/"},"uagb_comment_info":0,"uagb_excerpt":"Climat : m\u00e9diterrann\u00e9en, fra\u00eecheur et amplitude thermique apport\u00e9e par les contreforts du plateau du Larzac Terroir : Gr\u00e8s profonds, en bord de rivi\u00e8re et ruffes (Terres rouges d\u2019oxyde de fer) C\u00e9pages : Syrah, Grenache, Mourv\u00e8dre Vendanges manuelles Vignes non irrigu\u00e9es, travaill\u00e9es sans produits chimiques Taille, \u00e9bourgeonnage et vendanges manuels, vignoble en conversion agriculture biologique Vinification\u2026","_links":{"self":[{"href":"https:\/\/www.terredesames.fr\/index.php\/wp-json\/wp\/v2\/product\/2903"}],"collection":[{"href":"https:\/\/www.terredesames.fr\/index.php\/wp-json\/wp\/v2\/product"}],"about":[{"href":"https:\/\/www.terredesames.fr\/index.php\/wp-json\/wp\/v2\/types\/product"}],"version-history":[{"count":4,"href":"https:\/\/www.terredesames.fr\/index.php\/wp-json\/wp\/v2\/product\/2903\/revisions"}],"predecessor-version":[{"id":2908,"href":"https:\/\/www.terredesames.fr\/index.php\/wp-json\/wp\/v2\/product\/2903\/revisions\/2908"}],"wp:featuredmedia":[{"embeddable":true,"href":"https:\/\/www.terredesames.fr\/index.php\/wp-json\/wp\/v2\/media\/2930"}],"wp:attachment":[{"href":"https:\/\/www.terredesames.fr\/index.php\/wp-json\/wp\/v2\/media?parent=2903"}],"wp:term":[{"taxonomy":"product_cat","embeddable":true,"href":"https:\/\/www.terredesames.fr\/index.php\/wp-json\/wp\/v2\/product_cat?post=2903"},{"taxonomy":"product_tag","embeddable":true,"href":"https:\/\/www.terredesames.fr\/index.php\/wp-json\/wp\/v2\/product_tag?post=2903"}],"curies":[{"name":"wp","href":"https:\/\/api.w.org\/{rel}","templated":true}]}}