{"id":316,"date":"2020-03-18T14:51:27","date_gmt":"2020-03-18T13:51:27","guid":{"rendered":"https:\/\/terredesames.fr\/index.php\/produit\/anti-aging-skin-toner\/"},"modified":"2025-04-27T09:24:30","modified_gmt":"2025-04-27T07:24:30","slug":"mana-rose-2023","status":"publish","type":"product","link":"https:\/\/www.terredesames.fr\/index.php\/produit\/mana-rose-2023\/","title":{"rendered":"Man\u00e0 &#8211; Ros\u00e9"},"content":{"rendered":"<p><em>Dans la culture animiste maori, le man\u00e0 est une force sacr\u00e9e qui r\u00e9side \u00e0 la fois dans les \u00eatres humains, les animaux et les \u00e9l\u00e9ments naturels. \u00c9troitement li\u00e9e \u00e0 l&rsquo;\u00e9thique et \u00e0 la responsabilit\u00e9, le man\u00e0 doit \u00eatre utilis\u00e9 de mani\u00e8re juste et \u00e9quilibr\u00e9e, en accord avec les valeurs de la communaut\u00e9.\u00a0<\/em><\/p>\n","protected":false},"excerpt":{"rendered":"<p>Ros\u00e9 de pressurage direct issu de Grenache et Cinsault, fermentation \u00e0 froid<\/p>\n<ul>\n<li><strong>Climat<\/strong> : m\u00e9diterrann\u00e9en, fra\u00eecheur at amplitude thermique apport\u00e9e par les contreforts du Larzac<\/li>\n<li><strong>Terroir<\/strong> : argilo-calcaire, en bord de rivi\u00e8re<\/li>\n<li><strong>C\u00e9pages<\/strong> : Grenache Noir, Cinsault<\/li>\n<li><strong>Vendanges<\/strong> <strong>manuelles<\/strong><\/li>\n<li>Vignes non irrigu\u00e9es, travaill\u00e9es sans produits chimiques (conversion en Agriculture Biologique)<\/li>\n<li>Vinification artisanale avec intervention minimale<\/li>\n<li>IGP Saint-Guilhem-Le-D\u00e9sert, 12.5\u00b0<\/li>\n<\/ul>\n<p><strong>Mill\u00e9sime 2024 disponible<\/strong><\/p>\n<h5><strong>Livraison gratuite \u00e0 partir de 150\u20ac<\/strong><\/h5>\n<p>&nbsp;<\/p>\n<p>&nbsp;<\/p>\n<p>&nbsp;<\/p>\n","protected":false},"featured_media":2630,"template":"","meta":{"_uag_custom_page_level_css":"","site-sidebar-layout":"no-sidebar","site-content-layout":"boxed-container","ast-site-content-layout":"normal-width-container","site-content-style":"boxed","site-sidebar-style":"boxed","ast-global-header-display":"","ast-banner-title-visibility":"","ast-main-header-display":"","ast-hfb-above-header-display":"","ast-hfb-below-header-display":"","ast-hfb-mobile-header-display":"","site-post-title":"","ast-breadcrumbs-content":"","ast-featured-img":"","footer-sml-layout":"","theme-transparent-header-meta":"default","adv-header-id-meta":"","stick-header-meta":"","header-above-stick-meta":"","header-main-stick-meta":"","header-below-stick-meta":"","astra-migrate-meta-layouts":"set"},"product_cat":[42],"product_tag":[],"class_list":{"0":"post-316","1":"product","2":"type-product","3":"status-publish","4":"has-post-thumbnail","6":"product_cat-vin-rose","7":"desktop-align-left","8":"tablet-align-left","9":"mobile-align-left","10":"ast-product-gallery-layout-first-image-large","11":"ast-product-tabs-layout-horizontal","13":"first","14":"instock","15":"featured","16":"taxable","17":"shipping-taxable","18":"purchasable","19":"product-type-simple"},"yoast_head":"<!-- This site is optimized with the Yoast SEO plugin v23.2 - https:\/\/yoast.com\/wordpress\/plugins\/seo\/ -->\n<title>Man\u00e0 - Ros\u00e9 - Terre des \u00c2mes<\/title>\n<meta name=\"description\" content=\"Ros\u00e9 de pressurage direct issu de Grenache et Cinsault\" \/>\n<meta name=\"robots\" content=\"index, follow, max-snippet:-1, max-image-preview:large, max-video-preview:-1\" \/>\n<link rel=\"canonical\" href=\"https:\/\/www.terredesames.fr\/index.php\/produit\/mana-rose-2023\/\" \/>\n<meta property=\"og:locale\" content=\"fr_FR\" \/>\n<meta property=\"og:type\" content=\"article\" \/>\n<meta property=\"og:title\" content=\"Man\u00e0 - Ros\u00e9 - Terre des \u00c2mes\" \/>\n<meta property=\"og:description\" content=\"Ros\u00e9 de pressurage direct issu de Grenache et Cinsault\" \/>\n<meta property=\"og:url\" content=\"https:\/\/www.terredesames.fr\/index.php\/produit\/mana-rose-2023\/\" \/>\n<meta property=\"og:site_name\" content=\"Terre des \u00c2mes\" \/>\n<meta property=\"article:publisher\" content=\"https:\/\/www.facebook.com\/profile.php?id=61552180591356\" \/>\n<meta property=\"article:modified_time\" content=\"2025-04-27T07:24:30+00:00\" \/>\n<meta property=\"og:image\" content=\"https:\/\/www.terredesames.fr\/wp-content\/uploads\/2020\/03\/mana-375x1000-1.png\" \/>\n\t<meta property=\"og:image:width\" content=\"375\" \/>\n\t<meta property=\"og:image:height\" content=\"1000\" \/>\n\t<meta property=\"og:image:type\" content=\"image\/png\" \/>\n<meta name=\"twitter:card\" content=\"summary_large_image\" \/>\n<meta name=\"twitter:label1\" content=\"Dur\u00e9e de lecture estim\u00e9e\" \/>\n\t<meta name=\"twitter:data1\" content=\"1 minute\" \/>\n<script type=\"application\/ld+json\" class=\"yoast-schema-graph\">{\"@context\":\"https:\/\/schema.org\",\"@graph\":[{\"@type\":\"WebPage\",\"@id\":\"https:\/\/www.terredesames.fr\/index.php\/produit\/mana-rose-2023\/\",\"url\":\"https:\/\/www.terredesames.fr\/index.php\/produit\/mana-rose-2023\/\",\"name\":\"Man\u00e0 - Ros\u00e9 - Terre des \u00c2mes\",\"isPartOf\":{\"@id\":\"https:\/\/www.terredesames.fr\/#website\"},\"primaryImageOfPage\":{\"@id\":\"https:\/\/www.terredesames.fr\/index.php\/produit\/mana-rose-2023\/#primaryimage\"},\"image\":{\"@id\":\"https:\/\/www.terredesames.fr\/index.php\/produit\/mana-rose-2023\/#primaryimage\"},\"thumbnailUrl\":\"https:\/\/www.terredesames.fr\/wp-content\/uploads\/2020\/03\/mana-375x1000-1.png\",\"datePublished\":\"2020-03-18T13:51:27+00:00\",\"dateModified\":\"2025-04-27T07:24:30+00:00\",\"description\":\"Ros\u00e9 de pressurage direct issu de Grenache et Cinsault\",\"breadcrumb\":{\"@id\":\"https:\/\/www.terredesames.fr\/index.php\/produit\/mana-rose-2023\/#breadcrumb\"},\"inLanguage\":\"fr-FR\",\"potentialAction\":[{\"@type\":\"ReadAction\",\"target\":[\"https:\/\/www.terredesames.fr\/index.php\/produit\/mana-rose-2023\/\"]}]},{\"@type\":\"ImageObject\",\"inLanguage\":\"fr-FR\",\"@id\":\"https:\/\/www.terredesames.fr\/index.php\/produit\/mana-rose-2023\/#primaryimage\",\"url\":\"https:\/\/www.terredesames.fr\/wp-content\/uploads\/2020\/03\/mana-375x1000-1.png\",\"contentUrl\":\"https:\/\/www.terredesames.fr\/wp-content\/uploads\/2020\/03\/mana-375x1000-1.png\",\"width\":375,\"height\":1000},{\"@type\":\"BreadcrumbList\",\"@id\":\"https:\/\/www.terredesames.fr\/index.php\/produit\/mana-rose-2023\/#breadcrumb\",\"itemListElement\":[{\"@type\":\"ListItem\",\"position\":1,\"name\":\"Accueil\",\"item\":\"https:\/\/www.terredesames.fr\/\"},{\"@type\":\"ListItem\",\"position\":2,\"name\":\"Shop\",\"item\":\"https:\/\/www.terredesames.fr\/index.php\/shop\/\"},{\"@type\":\"ListItem\",\"position\":3,\"name\":\"Man\u00e0 &#8211; Ros\u00e9\"}]},{\"@type\":\"WebSite\",\"@id\":\"https:\/\/www.terredesames.fr\/#website\",\"url\":\"https:\/\/www.terredesames.fr\/\",\"name\":\"Terre des \u00c2mes\",\"description\":\"Grands Vins en AOP Terrasses du Larzac\",\"publisher\":{\"@id\":\"https:\/\/www.terredesames.fr\/#organization\"},\"potentialAction\":[{\"@type\":\"SearchAction\",\"target\":{\"@type\":\"EntryPoint\",\"urlTemplate\":\"https:\/\/www.terredesames.fr\/?s={search_term_string}\"},\"query-input\":\"required name=search_term_string\"}],\"inLanguage\":\"fr-FR\"},{\"@type\":\"Organization\",\"@id\":\"https:\/\/www.terredesames.fr\/#organization\",\"name\":\"Terre des \u00c2mes\",\"alternateName\":\"Grands Vins en Terrasses du Larzac\",\"url\":\"https:\/\/www.terredesames.fr\/\",\"logo\":{\"@type\":\"ImageObject\",\"inLanguage\":\"fr-FR\",\"@id\":\"https:\/\/www.terredesames.fr\/#\/schema\/logo\/image\/\",\"url\":\"https:\/\/www.terredesames.fr\/wp-content\/uploads\/2024\/02\/cropped-Transparent-Logo-2.png\",\"contentUrl\":\"https:\/\/www.terredesames.fr\/wp-content\/uploads\/2024\/02\/cropped-Transparent-Logo-2.png\",\"width\":1664,\"height\":299,\"caption\":\"Terre des \u00c2mes\"},\"image\":{\"@id\":\"https:\/\/www.terredesames.fr\/#\/schema\/logo\/image\/\"},\"sameAs\":[\"https:\/\/www.facebook.com\/profile.php?id=61552180591356\"]}]}<\/script>\n<!-- \/ Yoast SEO plugin. -->","yoast_head_json":{"title":"Man\u00e0 - Ros\u00e9 - Terre des \u00c2mes","description":"Ros\u00e9 de pressurage direct issu de Grenache et Cinsault","robots":{"index":"index","follow":"follow","max-snippet":"max-snippet:-1","max-image-preview":"max-image-preview:large","max-video-preview":"max-video-preview:-1"},"canonical":"https:\/\/www.terredesames.fr\/index.php\/produit\/mana-rose-2023\/","og_locale":"fr_FR","og_type":"article","og_title":"Man\u00e0 - Ros\u00e9 - Terre des \u00c2mes","og_description":"Ros\u00e9 de pressurage direct issu de Grenache et Cinsault","og_url":"https:\/\/www.terredesames.fr\/index.php\/produit\/mana-rose-2023\/","og_site_name":"Terre des \u00c2mes","article_publisher":"https:\/\/www.facebook.com\/profile.php?id=61552180591356","article_modified_time":"2025-04-27T07:24:30+00:00","og_image":[{"width":375,"height":1000,"url":"https:\/\/www.terredesames.fr\/wp-content\/uploads\/2020\/03\/mana-375x1000-1.png","type":"image\/png"}],"twitter_card":"summary_large_image","twitter_misc":{"Dur\u00e9e de lecture estim\u00e9e":"1 minute"},"schema":{"@context":"https:\/\/schema.org","@graph":[{"@type":"WebPage","@id":"https:\/\/www.terredesames.fr\/index.php\/produit\/mana-rose-2023\/","url":"https:\/\/www.terredesames.fr\/index.php\/produit\/mana-rose-2023\/","name":"Man\u00e0 - Ros\u00e9 - Terre des \u00c2mes","isPartOf":{"@id":"https:\/\/www.terredesames.fr\/#website"},"primaryImageOfPage":{"@id":"https:\/\/www.terredesames.fr\/index.php\/produit\/mana-rose-2023\/#primaryimage"},"image":{"@id":"https:\/\/www.terredesames.fr\/index.php\/produit\/mana-rose-2023\/#primaryimage"},"thumbnailUrl":"https:\/\/www.terredesames.fr\/wp-content\/uploads\/2020\/03\/mana-375x1000-1.png","datePublished":"2020-03-18T13:51:27+00:00","dateModified":"2025-04-27T07:24:30+00:00","description":"Ros\u00e9 de pressurage direct issu de Grenache et Cinsault","breadcrumb":{"@id":"https:\/\/www.terredesames.fr\/index.php\/produit\/mana-rose-2023\/#breadcrumb"},"inLanguage":"fr-FR","potentialAction":[{"@type":"ReadAction","target":["https:\/\/www.terredesames.fr\/index.php\/produit\/mana-rose-2023\/"]}]},{"@type":"ImageObject","inLanguage":"fr-FR","@id":"https:\/\/www.terredesames.fr\/index.php\/produit\/mana-rose-2023\/#primaryimage","url":"https:\/\/www.terredesames.fr\/wp-content\/uploads\/2020\/03\/mana-375x1000-1.png","contentUrl":"https:\/\/www.terredesames.fr\/wp-content\/uploads\/2020\/03\/mana-375x1000-1.png","width":375,"height":1000},{"@type":"BreadcrumbList","@id":"https:\/\/www.terredesames.fr\/index.php\/produit\/mana-rose-2023\/#breadcrumb","itemListElement":[{"@type":"ListItem","position":1,"name":"Accueil","item":"https:\/\/www.terredesames.fr\/"},{"@type":"ListItem","position":2,"name":"Shop","item":"https:\/\/www.terredesames.fr\/index.php\/shop\/"},{"@type":"ListItem","position":3,"name":"Man\u00e0 &#8211; Ros\u00e9"}]},{"@type":"WebSite","@id":"https:\/\/www.terredesames.fr\/#website","url":"https:\/\/www.terredesames.fr\/","name":"Terre des \u00c2mes","description":"Grands Vins en AOP Terrasses du Larzac","publisher":{"@id":"https:\/\/www.terredesames.fr\/#organization"},"potentialAction":[{"@type":"SearchAction","target":{"@type":"EntryPoint","urlTemplate":"https:\/\/www.terredesames.fr\/?s={search_term_string}"},"query-input":"required name=search_term_string"}],"inLanguage":"fr-FR"},{"@type":"Organization","@id":"https:\/\/www.terredesames.fr\/#organization","name":"Terre des \u00c2mes","alternateName":"Grands Vins en Terrasses du Larzac","url":"https:\/\/www.terredesames.fr\/","logo":{"@type":"ImageObject","inLanguage":"fr-FR","@id":"https:\/\/www.terredesames.fr\/#\/schema\/logo\/image\/","url":"https:\/\/www.terredesames.fr\/wp-content\/uploads\/2024\/02\/cropped-Transparent-Logo-2.png","contentUrl":"https:\/\/www.terredesames.fr\/wp-content\/uploads\/2024\/02\/cropped-Transparent-Logo-2.png","width":1664,"height":299,"caption":"Terre des \u00c2mes"},"image":{"@id":"https:\/\/www.terredesames.fr\/#\/schema\/logo\/image\/"},"sameAs":["https:\/\/www.facebook.com\/profile.php?id=61552180591356"]}]}},"uagb_featured_image_src":{"full":["https:\/\/www.terredesames.fr\/wp-content\/uploads\/2020\/03\/mana-375x1000-1.png",375,1000,false],"thumbnail":["https:\/\/www.terredesames.fr\/wp-content\/uploads\/2020\/03\/mana-375x1000-1-150x150.png",150,150,true],"medium":["https:\/\/www.terredesames.fr\/wp-content\/uploads\/2020\/03\/mana-375x1000-1-113x300.png",113,300,true],"medium_large":["https:\/\/www.terredesames.fr\/wp-content\/uploads\/2020\/03\/mana-375x1000-1.png",375,1000,false],"large":["https:\/\/www.terredesames.fr\/wp-content\/uploads\/2020\/03\/mana-375x1000-1.png",375,1000,false],"1536x1536":["https:\/\/www.terredesames.fr\/wp-content\/uploads\/2020\/03\/mana-375x1000-1.png",375,1000,false],"2048x2048":["https:\/\/www.terredesames.fr\/wp-content\/uploads\/2020\/03\/mana-375x1000-1.png",375,1000,false],"woocommerce_thumbnail":["https:\/\/www.terredesames.fr\/wp-content\/uploads\/2020\/03\/mana-375x1000-1-200x533.png",200,533,true],"woocommerce_single":["https:\/\/www.terredesames.fr\/wp-content\/uploads\/2020\/03\/mana-375x1000-1-200x533.png",200,533,true],"woocommerce_gallery_thumbnail":["https:\/\/www.terredesames.fr\/wp-content\/uploads\/2020\/03\/mana-375x1000-1-100x100.png",100,100,true]},"uagb_author_info":{"display_name":"admin1716","author_link":"https:\/\/www.terredesames.fr\/index.php\/author\/"},"uagb_comment_info":0,"uagb_excerpt":"Ros\u00e9 de pressurage direct issu de Grenache et Cinsault, fermentation \u00e0 froid Climat : m\u00e9diterrann\u00e9en, fra\u00eecheur at amplitude thermique apport\u00e9e par les contreforts du Larzac Terroir : argilo-calcaire, en bord de rivi\u00e8re C\u00e9pages : Grenache Noir, Cinsault Vendanges manuelles Vignes non irrigu\u00e9es, travaill\u00e9es sans produits chimiques (conversion en Agriculture Biologique) Vinification artisanale avec intervention minimale\u2026","_links":{"self":[{"href":"https:\/\/www.terredesames.fr\/index.php\/wp-json\/wp\/v2\/product\/316"}],"collection":[{"href":"https:\/\/www.terredesames.fr\/index.php\/wp-json\/wp\/v2\/product"}],"about":[{"href":"https:\/\/www.terredesames.fr\/index.php\/wp-json\/wp\/v2\/types\/product"}],"version-history":[{"count":11,"href":"https:\/\/www.terredesames.fr\/index.php\/wp-json\/wp\/v2\/product\/316\/revisions"}],"predecessor-version":[{"id":2912,"href":"https:\/\/www.terredesames.fr\/index.php\/wp-json\/wp\/v2\/product\/316\/revisions\/2912"}],"wp:featuredmedia":[{"embeddable":true,"href":"https:\/\/www.terredesames.fr\/index.php\/wp-json\/wp\/v2\/media\/2630"}],"wp:attachment":[{"href":"https:\/\/www.terredesames.fr\/index.php\/wp-json\/wp\/v2\/media?parent=316"}],"wp:term":[{"taxonomy":"product_cat","embeddable":true,"href":"https:\/\/www.terredesames.fr\/index.php\/wp-json\/wp\/v2\/product_cat?post=316"},{"taxonomy":"product_tag","embeddable":true,"href":"https:\/\/www.terredesames.fr\/index.php\/wp-json\/wp\/v2\/product_tag?post=316"}],"curies":[{"name":"wp","href":"https:\/\/api.w.org\/{rel}","templated":true}]}}